iple of 61?
False
Is 6005 a multiple of 5?
True
Does 3 divide 660?
True
Does 10 divide 4825?
False
Is 9324 a multiple of 111?
True
Does 26 divide 3463?
False
Is 15 a factor of 4507?
False
Is 975 a multiple of 15?
True
Is 83 a factor of 30791?
False
Is 19305 a multiple of 99?
True
Is 5 a factor of 241?
False
Is 10 a factor of 523?
False
Is 1979 a multiple of 27?
False
Does 6 divide 486?
True
Is 30 a factor of 1140?
True
Does 153 divide 32742?
True
Is 2962 a multiple of 5?
False
Does 63 divide 1579?
False
Does 11 divide 440?
True
Is 2 a factor of 26?
True
Is 148 a factor of 12648?
False
Is 832 a multiple of 90?
False
Is 26 a factor of 26?
True
Is 34840 a multiple of 104?
True
Does 67 divide 6992?
False
Does 6 divide 423?
False
Is 1782 a multiple of 9?
True
Is 8 a factor of 192?
True
Is 33 a factor of 4818?
True
Is 15 a factor of 3825?
True
Is 94 a factor of 3478?
True
Does 20 divide 658?
False
Does 23 divide 1208?
False
Is 38 a factor of 1161?
False
Does 112 divide 28861?
False
Is 3180 a multiple of 10?
True
Is 1507 a multiple of 11?
True
Is 7 a factor of 627?
False
Does 14 divide 52136?
True
Is 4266 a multiple of 12?
False
Does 27 divide 40608?
True
Is 149 a factor of 8070?
False
Does 14 divide 824?
False
Is 82 a factor of 1066?
True
Is 32 a factor of 5124?
False
Is 2 a factor of 20?
True
Is 37596 a multiple of 42?
False
Does 35 divide 11130?
True
Is 1327 a multiple of 10?
False
Is 1699 a multiple of 25?
False
Is 33 a factor of 3102?
True
Does 101 divide 21034?
False
Is 15467 a multiple of 116?
False
Is 22 a factor of 507?
False
Is 1631 a multiple of 3?
False
Is 47 a factor of 1318?
False
Is 52913 a multiple of 23?
False
Is 624 a multiple of 12?
True
Is 61857 a multiple of 237?
True
Does 58 divide 1006?
False
Is 99 a factor of 10791?
True
Does 3 divide 114?
True
Is 303 a multiple of 5?
False
Is 2 a factor of 64?
True
Does 64 divide 92992?
True
Does 35 divide 1863?
False
Is 3 a factor of 3693?
True
Is 2940 a multiple of 14?
True
Is 476 a multiple of 17?
True
Is 27051 a multiple of 71?
True
Is 33 a factor of 1222?
False
Is 33 a factor of 6053?
False
Is 702 a multiple of 9?
True
Does 2 divide 6549?
False
Is 8083 a multiple of 59?
True
Does 5 divide 1306?
False
Is 315 a factor of 104265?
True
Does 19 divide 1131?
False
Is 80 a factor of 10000?
True
Is 57228 a multiple of 285?
False
Does 8 divide 2008?
True
Is 8919 a multiple of 15?
False
Is 153 a factor of 306?
True
Does 14 divide 280?
True
Is 2937 a multiple of 223?
False
Is 60 a factor of 12057?
False
Is 27846 a multiple of 18?
True
Is 61 a factor of 190?
False
Does 56 divide 6496?
True
Is 11 a factor of 66?
True
Is 6591 a multiple of 13?
True
Is 5842 a multiple of 46?
True
Is 11737 a multiple of 121?
True
Is 16281 a multiple of 27?
True
Is 39 a multiple of 13?
True
Is 1155 a multiple of 21?
True
Is 1120 a multiple of 8?
True
Is 17 a factor of 189?
False
Is 8 a factor of 5237?
False
Is 5364 a multiple of 9?
True
Is 22230 a multiple of 65?
True
Is 1689 a multiple of 48?
False
Is 1515 a multiple of 56?
False
Is 2368 a multiple of 37?
True
Is 254 a multiple of 18?
False
Is 254 a factor of 31750?
True
Is 1118 a multiple of 2?
True
Is 12 a factor of 51?
False
Is 1796 a multiple of 33?
False
Is 186 a factor of 29946?
True
Is 13 a factor of 91160?
False
Is 25 a factor of 4250?
True
Is 33 a factor of 3627?
False
Is 96950 a multiple of 277?
True
Does 15 divide 4438?
False
Is 93 a factor of 31778?
False
Does 23 divide 19504?
True
Does 4 divide 84?
True
Does 45 divide 1527?
False
Is 31 a factor of 790?
False
Is 41 a factor of 8136?
False
Is 73 a factor of 115705?
True
Does 5 divide 348?
False
Is 11241 a multiple of 161?
False
Is 9 a factor of 134?
False
Is 40 a factor of 61?
False
Is 52 a factor of 13051?
False
Is 101 a factor of 5656?
True
Is 17 a factor of 629?
True
Does 47 divide 796?
False
Is 57 a factor of 627?
True
Does 17 divide 2424?
False
Is 10 a factor of 990?
True
Is 59 a factor of 23527?
False
Is 61 a factor of 76?
False
Is 13547 a multiple of 9?
False
Is 8835 a multiple of 57?
True
Is 4478 a multiple of 216?
False
Is 1248 a multiple of 96?
True
Does 55 divide 18819?
False
Does 20 divide 1177?
False
Is 158 a factor of 3950?
True
Is 97 a factor of 52380?
True
Does 5 divide 530?
True
Is 15975 a multiple of 15?
True
Does 32 divide 13935?
False
Is 33695 a multiple of 16?
False
Is 9905 a multiple of 105?
False
Does 22 divide 5522?
True
Is 2040 a multiple of 6?
True
Is 13 a factor of 78?
True
Is 356 a multiple of 13?
False
Does 39 divide 741?
True
Does 15 divide 37478?
False
Is 66 a factor of 792?
True
Is 29 a factor of 5945?
True
Is 10 a factor of 790?
True
Is 6672 a multiple of 16?
True
Does 18 divide 408?
False
Is 8 a factor of 576?
True
Is 37 a factor of 3109?
False
Is 4091 even?
False
Does 8 divide 23132?
False
Is 8 a factor of 159?
False
Is 2924 a multiple of 43?
True
Does 12 divide 11010?
False
Is 13170 a multiple of 95?
False
Is 90 a multiple of 45?
True
Is 320 a multiple of 5?
True
Does 13 divide 6859?
False
Does 79 divide 3327?
False
Is 509 a multiple of 23?
False
Is 9 a factor of 167754?
False
Is 4 a factor of 2069?
False
Is 12729 a multiple of 36?
False
Does 29 divide 1577?
False
Does 18 divide 10327?
False
Does 20 divide 100720?
True
Is 174 even?
True
Is 11 a factor of 2013?
True
Does 45 divide 26440?
False
Does 55 divide 1482?
False
Does 60 divide 48600?
True
Is 90 a multiple of 3?
True
Is 14252 a multiple of 28?
True
Is 10 a factor of 2410?
True
Is 1485 a multiple of 15?
True
Is 23 a factor of 5078?
False
Is 4032 a multiple of 63?
True
Is 527 a multiple of 39?
False
Is 2760 a multiple of 10?
True
Does 60 divide 1705?
False
Is 953 a multiple of 31?
False
Is 9 a factor of 31823?
False
Is 66 a factor of 792?
True
Is 4805 a multiple of 105?
False
Does 185 divide 65914?
False
Is 10 a factor of 17239?
False
Is 76 a factor of 5016?
True
Is 69117 a multiple of 25?
False
Is 8 a factor of 2400?
True
Is 60476 a multiple of 52?
True
Is 462 a multiple of 21?
True
Does 11 divide 1320?
True
Is 7 a factor of 978?
False
Is 23 a factor of 4350?
False
Does 18 divide 512?
False
Does 15 divide 136538?
False
Is 192 a multiple of 18?
False
Is 442 a multiple of 18?
False
Is 76 a factor of 34276?
True
Is 80 a factor of 30160?
True
Is 14960 a multiple of 10?
True
Does 10 divide 532?
False
Is 2565 a multiple of 45?
True
Is 18 a factor of 3256?
False
Is 6732 a multiple of 34?
True
Is 528 a multiple of 44?
True
Is 14 a factor of 7042?
True
Does 17 divide 323?
True
Is 133 a multiple of 7?
True
Does 154 divide 27547?
False
Is 109 a factor of 120052?
False
Is 46 a factor of 8099?
False
Does 229 divide 5954?
True
Does 45 divide 91?
False
Is 17 a factor of 221?
True
Is 5835 a multiple of 15?
True
Does 26 divide 2548?
True
Is 14 a factor of 11253?
False
Is 5721 a multiple of 99?
False
Does 157 divide 785?
True
Is 1110 a multiple of 15?
True
Is 14 a factor of 17263?
False
Does 7 divide 453?
False
Is 254 a multiple of 26?
False
Is 1975 a multiple of 167?
False
Is 14 a factor of 4799?
False
Is 2207 a multiple of 105?
False
Is 2543 a multiple of 35?
False
Does 17 divide 332?
False
Is 57 a factor of 3249?
True
Is 20 a factor of 12240?
True
Does 16 divide 2498?
False
Is 6184 a multiple of 5?
False
Is 33 a factor of 2293?
False
Is 131 a factor of 21615?
True
Is 10 a factor of 1580?
True
Is 37 a factor of 1568?
False
Is 62100 a multiple of 45?
True
Is 13 a factor of 53092?
True
Is 7458 a multiple of 11?
True
Is 5280 a multiple of 5?
True
Is 7 a factor of 2083?
False
Is 14 a factor of 336?
True
Does 45 divide 10320?
False
Is 8 a factor of 104?
True
Is 61242 a multiple of 177?
True
Is 4802 a multiple of 5?
False
Is 17 a factor of 3179?
True
Is 7711 a multiple of 30?
False
Does 10 divide 10090?
True
Is 4 a factor of 96?
True
Is 15466 a multiple of 74?
True
Is 7 a factor of 1715?
True
Does 67 divide 6433?
False
Does 33 divide 33073?
False
Is 255 a multiple of 17?
True
Does 38 divide 513?
False
Does 10 divide 204?
False
Is 3080 a multiple of 70?
True
Is 5 a factor of 310?
True
Is 2378 a multiple of 24?
False
Is 9 a factor of 2655?
True
Is 15 a factor of 2835?
True
Is 3958 a multiple of 9?
False
Is 9996 a multiple of 14?
True
Is 48180 a multiple of 11?
True
Does 6 divide 2136?
True
Is 67 a factor of 10811?
False
Is 139095 a multi